h(u) = 5*u**2 + 68*u - 41. What are the prime factors of h(-17)?
2, 31
Let s be 4/3 - (-4)/(-3). Suppose s*c + 11 = c. Suppose -c = p + 4*r - 46, 3*p - 131 = r. What are the prime factors of p?
43
Suppose 6*x + 2*x = 4016. List the prime factors of x.
2, 251
List the prime factors of 86 + 3*(-4)/18*3.
2, 3, 7
Suppose -2*q + 10 = r, 4*q - 16 = -4*r + 2*q. Suppose 0 = 4*z + r*h - 196, -3*z - h = h - 147. List the prime factors of z.
7
Suppose -3*d = -0*w + 4*w - 19, 0 = w + 5*d - 9. Suppose -15 = 7*i - w*i. Let o(g) = -g**3 - 3*g**2 + 8*g + 3. What are the prime factors of o(i)?
13
Let p = 10 + -10. Suppose 5*d = -p*d + 130. Let y = d + -9. List the prime factors of y.
17
Suppose -8591 = -6*y - 461. What are the prime factors of y?
5, 271
Let u(o) be the second derivative of 53*o**5/10 - o**4/12 + o**3/6 - o**2/2 - 4*o. Let j be u(1). Suppose -w + j = 4*w. List the prime factors of w.
3, 7
Suppose 0 = 2*h - w - 1008, -w - 34 = -h + 471. What are the prime factors of h?
503
Suppose 1278*z = 1267*z + 48356. What are the prime factors of z?
2, 7, 157
Suppose -799*s + 801*s = 4982. List the prime factors of s.
47, 53
List the prime factors of (-103431)/(-24) - (-10)/(-16).
31, 139
Suppose -4*t - 5*z + 4*z = -4735, -5*z = 2*t - 2345. List the prime factors of t.
3, 5, 79
Let v = -19 + 22. Let h(i) = -i**3 + 6*i**2 + 2*i - 2. Let c be h(v). Let u = -13 + c. What are the prime factors of u?
2, 3
Suppose 0 = 30*r - 3806 - 3604. What are the prime factors of r?
13, 19
Suppose -56 = -2*n - 4. Let f = -26 + n. Let b(v) = -v + 21. What are the prime factors of b(f)?
3, 7
Suppose 28*b = 34*b - 30. Suppose -14 = 2*j - b*c - 1, j = -c + 11. What are the prime factors of j?
2, 3
Suppose -218 = 13*j - 32601. What are the prime factors of j?
47, 53
Let j(a) be the second derivative of -a**3/6 - a**2/2 + 2*a. Let y(z) = z + 10. Let w(c) = -3*j(c) - y(c). What are the prime factors of w(6)?
5
Let x(z) = -23*z - 31. What are the prime factors of x(-15)?
2, 157
Let f(t) = -7*t - 1. Let q be f(-2). Let j be (15/(-9))/5*-3. Let y = q + j. List the prime factors of y.
2, 7
Let a = 124 + 105. What are the prime factors of a?
229
Suppose 0 = -8*v + 200 - 8. What are the prime factors of v?
2, 3
Suppose 3*c - 696 = 3*r - 0*r, 0 = c - 5*r - 216. What are the prime factors of c?
2, 59
Suppose 4*n + h = 4*h + 39, 0 = -h - 1. Let r(g) = -n*g**2 - 11*g**2 - 4 + 8 + 14*g + 7*g**2 - g**3. What are the prime factors of r(-14)?
2
Let n(r) = 13*r**2 + 3*r + 14*r + 24 + r**3 - r**2. List the prime factors of n(-10).
2, 3
Let z(x) = -x**2 + 4*x + 2. Let y be z(4). Suppose -91 = -y*u + 123. List the prime factors of u.
107
Suppose -3*t + 45 + 21 = 0. Suppose 4*v + 6 = t, -5*q + 17 = -2*v. Suppose g + 184 = q*g. What are the prime factors of g?
2, 23
Let s(r) = 11*r - 2. Suppose -2*z - 5*g - 8 = 0, -3*g + 0*g = -2*z + 8. Let o be s(z). Suppose -o + 35 = 2*y. What are the prime factors of y?
13
Let v(j) = -6*j**3 - 2*j**2 - 2*j. Let k be v(-2). Let t = k - 71. Let s = t + 40. List the prime factors of s.
13
Let j be 40/(-4)*42/(-10). What are the prime factors of (-7)/(-2)*216/j?
2, 3
Suppose 39*i = 17330 + 14884. List the prime factors of i.
2, 7, 59
Let d(z) = 9*z**2 - 30*z + 5. List the prime factors of d(-9).
2, 251
Let i(h) = -56*h - 72. What are the prime factors of i(-47)?
2, 5
Suppose m = 11*m - 20. Suppose -7*v + m*v + 320 = 0. List the prime factors of v.
2
Let h = -868 - -446. Let z = -237 - h. List the prime factors of z.
5, 37
Suppose -3*u + 3813 = 3*r - 1407, 4*u - 1731 = -r. List the prime factors of r.
3, 7, 83
Let s = 65 - 63. Suppose 0 = -n + 3*l + 115, 592 = -0*n + 5*n + s*l. What are the prime factors of n?
2, 59
Let i(u) = -u**3 - 6*u**2 - 4*u - 33. What are the prime factors of i(-7)?
2, 11
Suppose -6*o = -10*o + 36. Suppose 3*c + 5*x = c - o, x = -3. Suppose -3*v = g - 10, -5*v - c*g - 2*g = 0. What are the prime factors of v?
5
Let s = -11 + 15. Let z(l) = -9*l + l**3 + s*l + 6*l + 8*l**2 - 4*l - 11. What are the prime factors of z(-8)?
13
Suppose -51*y + 46*y + 2664 = -4*j, -5*j = 5. List the prime factors of y.
2, 7, 19
Let r be 1/(7/38)*7. Let o be r/34 - 4/34. What are the prime factors of -2 - 1/o - -43?
2, 5
Suppose h + 3*n = n + 6068, -2*n = -5*h + 30316. List the prime factors of h.
2, 379
List the prime factors of 6/3*(-825)/(-6).
5, 11
Let w be -8 + 5 + (-1 - -5). Suppose w = -p + 6. Suppose 42 = 2*j + 4*v, 2*j - p*v + 3 = -0*j. What are the prime factors of j?
11
Let i = 49 + 94. Let m be 22/i - 1753/(-13). Suppose -2*h + 10 = 0, 5*d = -7*h + 2*h + m. List the prime factors of d.
2, 11
Suppose -136*n = -152*n + 28064. What are the prime factors of n?
2, 877
Suppose 0 = -3*y, -2*g - 4 = -y - y. Let i = g - 0. What are the prime factors of (i - 9/(-2))*2?
5
Let r = -1186 - -2045. What are the prime factors of r?
859
Let r(w) = 37*w + 163. List the prime factors of r(18).
829
Suppose 4*o - 2 = g - 7, 41 = -5*g - 2*o. Let i(h) = -4*h - 11. List the prime factors of i(g).
17
Let z be 4 + -7 - (0 - 8). Suppose z*u - 231 = -4*h, -2*h - u = -h - 57. Suppose -4*k - 4*r = -2*r - h, 0 = -5*k + 5*r + 75. List the prime factors of k.
2, 7
Let m be 23/(-2) - (-2)/(-4). Let w be (-50)/m - 9/54. Let u(v) = 4*v - 1. What are the prime factors of u(w)?
3, 5
Suppose 0*r = r. Suppose 2*f - 5*c = -6, r*c = c. Let g = f + 7. List the prime factors of g.
2
Let x = 46 - 15. Let r = x + -1. List the prime factors of r.
2, 3, 5
Suppose -3*f - 12 = 3*k, -2*f - 4 = -k - f. Suppose k = 4*o - 4*d - 248, 4*o + 3*d - 219 - 36 = 0. List the prime factors of o.
3, 7
Suppose 2*p - 3*f - 937 = -36, -3*p + 1304 = 5*f. List the prime factors of p.
443
Let p = 2280 + -1346. What are the prime factors of p?
2, 467
Let x(f) = -13*f - 66. List the prime factors of x(-17).
5, 31
Let u = -66 - -186. Suppose -2*b = 3*b - u. List the prime factors of b.
2, 3
Let d(i) = -24*i + 7. Let l be 1/((-2)/12)*30/20. List the prime factors of d(l).
223
Suppose 1 = 2*p + l, l = 2*l + 1. Let v be (p/(-3))/((-5)/(-60)). Let m = v + 11. List the prime factors of m.
7
Suppose 0 = 4*q - 4, -5*l + 12337 = -2*q + 3254. What are the prime factors of l?
23, 79
Let a(c) = -1 - 113*c**2 + 114*c**2 + 4 + c. Let o be a(0). Suppose 7*y = o*y + 16. List the prime factors of y.
2
Suppose 0*u - r = 5*u - 35, 0 = 4*u + 5*r - 28. Let n be 18/14 + (-2)/u. Suppose n + 71 = 3*k. What are the prime factors of k?
2, 3
Suppose 4*m = -3*n + 3163, 3*m - 4*n + 0*n - 2391 = 0. What are the prime factors of m?
13, 61
Suppose -b = -1, 3*b - 1416 = 5*y - 8*y. List the prime factors of y.
3, 157
Suppose -3*y + 1454 = -5*x + 9*x, -4*y = -3*x - 1897. Suppose 0 = -12*k + y + 206. What are the prime factors of k?
3, 19
Suppose 0 = 26*s - 27*s + 547. What are the prime factors of s?
547
Let c(j) = j**2 - 6*j + 13. Let b be c(10). Suppose b = -4*z - 211. Let s = z + 123. What are the prime factors of s?
3, 19
Suppose -8*z = -5*z - 33. Let f(d) = -d**3 + 13*d**2 - 10*d + 3. Let s be f(z). Suppose -4*j + s = 5*x, 4*x - 101 = -0*j - 3*j. List the prime factors of j.
5, 7
Let f be (10/(-15))/(1/3). What are the prime factors of (-5 + f + 4)*-7?
3, 7
Suppose 16 = -4*a - 3*u, -3*a - 2*u = -6*a - 12. What are the prime factors of (1 - (-3)/a)/((-41)/(-17548))?
107
Let c be 10 - 3 - 3/1. List the prime factors of (-6 - -4) + 0 + c.
2
Let z be 1 + (-10)/6 + (-408)/9. Let t = z - -83. List the prime factors of t.
37
Suppose 10*d + 36*d - 66056 = 0. What are the prime factors of d?
2, 359
Let j(k) = 2*k**3 + 4*k**2 + 3*k + 2. Let o be j(5). Suppose -56 - o = -3*r. What are the prime factors of r?
3, 47
Suppose 5*h + 26 = 2*d, 2*h - 2 = -4*d + 2. Suppose 0 = 5*n - 4*i - 170, -d*n - 4*i = n - 100. What are the prime factors of n?
2, 3, 5
Suppose 2*q - 532 = -5*c + 139, -c - 5*q = -148. What are the prime factors of 48/(-8) + c + (1 - 0)?
2
Let k be (42/5)/(2/(-10)). Let a be 1/(-6) + (-7)/k. Suppose 2*g - 3*f - 53 = a, -2*f + 10 = 3*g - 76. List the prime factors of g.
2, 7
What are the prime factors of ((-5)/((-45)/984))/(14/21)?
2, 41
Suppose 4*z + 3 = 11. Suppose -z*y + 0*y - 2 = 0. Let o(f) = -37*f. List the prime factors of o(y).
37
Let z(q) = -65 + 38 + q + 10*q**2 + 28. What are the prime factors of z(2)?
43
Suppose 4*f + 15668 = 3*d + 2*d, 0 = 5*d